08. Suppose t*d = -v*d + 400. What are the prime factors of d?
2, 5
Let p(b) = -3915*b + 65. What are the prime factors of p(-2)?
5, 1579
What are the prime factors of 25/(3300/176) - (-413584)/6?
2, 19, 907
Suppose -21*n + 2*n - 1482 = 0. Let j = n - -18. Let v = j + 140. List the prime factors of v.
2, 5
Let k(m) = -1721*m + 4705. List the prime factors of k(0).
5, 941
Let b be (-1)/(-4) - 1225/(-28). Let y = -42 + b. Suppose y*t = -10*t + 1356. List the prime factors of t.
113
Suppose 5*d - 15*i - 2466 = -12*i, 12 = 4*i. Suppose -2*n - 3*n + t = -825, 0 = 3*n - 5*t - d. List the prime factors of n.
3, 5, 11
Suppose -22*m - 18545 = -54185. Suppose 10*r - m = -5*r. List the prime factors of r.
2, 3
Let x(m) = 121*m - 280. Let a be 38 + -41 + (0 - (2 + -9)). What are the prime factors of x(a)?
2, 3, 17
Suppose -a + 582 = 4*u, -4*a + 55*u + 2388 = 59*u. What are the prime factors of a?
2, 7, 43
What are the prime factors of ((-1719)/(-3))/(-2*(-6)/56)?
2, 7, 191
Let w = -48 - -216. Suppose -35*d = -39*d + w. What are the prime factors of d?
2, 3, 7
Let o = -183 - -483. Suppose -2*y - w = -5*w + 132, -5*w - o = 5*y. What are the prime factors of 1 - 1 - y/2?
31
Let t(v) = 8*v - 13. Let l = 146 - 137. What are the prime factors of t(l)?
59
Let r = 15 + -16. Let l be -210 + (-1 + -1 - 2/r). Let g = -117 - l. What are the prime factors of g?
3, 31
Let o(a) = 431*a + 57. What are the prime factors of o(3)?
2, 3, 5
Let q = -191 - -1154. What are the prime factors of q?
3, 107
Let p(g) = g**3 + 9*g**2 + 37*g + 118. Let x be p(-6). Let l(t) = -9*t - 8. Let k(q) = -q. Let n(z) = 3*k(z) - l(z). List the prime factors of n(x).
2
Let w = -28475 + 44533. What are the prime factors of w?
2, 7, 31, 37
Let s be 44/8 - (-4)/(-8). Suppose 0 = s*l - l - 20. Let n(y) = 4*y**2 - 6*y + 11. What are the prime factors of n(l)?
3
Let u = -2417 + 8064. List the prime factors of u.
5647
Let g = 50 - 46. Let n be ((-1)/g + 5/4)*-4. List the prime factors of n/(-10) - 3680/(-50).
2, 37
Suppose 115342 - 362062 = -80*a. List the prime factors of a.
2, 3, 257
Let q = 7 + -4. Suppose 5*y - 1814 = -1244. Suppose -q = -w + y. What are the prime factors of w?
3, 13
Let c(q) = -5*q**2 + 19*q - 15. Let y(g) = 11*g**2 - 39*g + 31. Let l(d) = -13*c(d) - 6*y(d). List the prime factors of l(-7).
3, 17
Suppose -5*t + 15 = -0*v - 5*v, 2*v + 12 = 4*t. Suppose v = -15*h + 9*h - 60. List the prime factors of (48/h + 4)*-125.
2, 5
Let c = -33 - 72. Let k = -110 - c. List the prime factors of (-46)/(-115) + (-33)/k.
7
Suppose -4700 = 30*n - 34*n. Let m = -809 + n. What are the prime factors of m?
2, 3, 61
Let y(l) be the second derivative of l**4/3 - 109*l**3/6 + 10*l**2 - 245*l. List the prime factors of y(31).
5, 97
Let j(m) = 86*m + 4623. What are the prime factors of j(70)?
29, 367
Suppose 3*a - 17 = 7, 41591 = o - 3*a. What are the prime factors of o?
5, 7, 29, 41
Suppose -9876*c = -9893*c + 392496. What are the prime factors of c?
2, 3, 13, 37
Suppose 18*i - 8964 = -4104 + 11376. What are the prime factors of i?
2, 11, 41
Let c = 25 - 17. Suppose 114 = c*x - 206. What are the prime factors of (-8)/10 - (-3832)/x?
5, 19
Let j = -13327 + 21261. List the prime factors of j.
2, 3967
Let q(b) = 10*b**2 + 176*b - 503. List the prime factors of q(-60).
11, 2267
Suppose -4*t = 2*g - 168, 40 - 404 = -5*g + 4*t. Suppose -14 - g = -5*m. Suppose -14*l - 372 = -m*l. List the prime factors of l.
3, 31
Let c(a) = -41*a**3 + 21*a**2 + 170*a + 10. What are the prime factors of c(-6)?
2, 11, 17, 23
Suppose 0 = -6*z + 10*z - 3*c - 11731, -4*z = 2*c - 11726. Let t = z + -1178. What are the prime factors of t?
2, 877
Suppose -4*g + 2*v = 72, 3*g - v - 3*v = -59. Suppose 3*i = -5*m + 268, 4*i - 54 - 296 = -3*m. Let p = g + i. What are the prime factors of p?
3, 23
Suppose 5*z - 5*y - 605 = 0, 0*y + y - 504 = -4*z. Suppose 4*k + 4*x - 227 = 25, 3*x = -2*k + z. List the prime factors of k.
2
Let i(m) = -208*m**2 + 7 + 222*m**2 + 5 - 3. List the prime factors of i(5).
359
Let k(a) = 868*a**2 + 35*a + 271. What are the prime factors of k(-8)?
67, 829
Let z be (9 + 9 + -8)/(1*2). Suppose -4*x + 5*l = -4305, -4*x + z*x + 2*l = 1060. What are the prime factors of x?
2, 5, 107
Let x = -221 - -221. Suppose -3*w - 233 + 1679 = x. What are the prime factors of w?
2, 241
Let f be -7*(-3)/21*-9. Suppose 5*v - 2 = 28. What are the prime factors of (-317)/(-3) + v/f?
3, 5, 7
Suppose -17562 = -9*q - 2136. Let m = 3023 - q. List the prime factors of m.
7, 11, 17
Let q(f) = 608*f**2 - 220*f + 891. What are the prime factors of q(4)?
9739
Let d(q) = 6*q**2 + 26*q - 3. Let s be ((-79)/2)/((-14)/(-4) - 4). Let f = s - 87. What are the prime factors of d(f)?
173
Let x(d) = -54*d - 330. Let z(v) = -18*v - 110. Let y(t) = 3*x(t) - 10*z(t). List the prime factors of y(-6).
2
Let o = 344 + -321. Suppose -57*a + o*a = -28152. List the prime factors of a.
2, 3, 23
Suppose 10*o = 10 + 130. Let t be (5 - 1)*7/o - -443. Let r = t - 302. List the prime factors of r.
11, 13
Suppose -4*g + 5 = 2*u - 13, 0 = -3*u + 5*g + 5. Suppose 0 = 5*a + 2*r - 2604, 3*a - u*r = 900 + 681. List the prime factors of a.
2, 3, 29
Let i(m) = 11506*m - 9322. List the prime factors of i(4).
2, 3, 2039
Suppose 3*k = 19 - 145. Let w = -36 - k. Suppose 85 = w*x - 407. What are the prime factors of x?
2, 41
Suppose -4758 = -17*z + 23*z. Let d = 1166 + z. List the prime factors of d.
373
Let t = -55 + 309. Let s = 578 - t. Suppose 4*c - 448 = -4*f, -3*c + 0*f = -f - s. List the prime factors of c.
109
Let p(v) = -66*v - 55. Let i be p(-20). Suppose 1635 = 4*o - 5*r, 4*r - i = -o - 2*o. List the prime factors of o.
5, 83
Suppose -4*u = -2*y - 2*y - 596, y = -2*u + 307. Suppose -j + u = -6. What are the prime factors of j?
2, 79
Suppose -2*v + 5 = 3*p, 0 = -5*v - 26*p + 30*p + 24. Suppose -1123 - 4261 = -v*c. What are the prime factors of c?
2, 673
Let j be ((-1152)/(-960))/(((-1)/2820)/(-1)). Suppose -o - 4*y + 967 = 0, -4*o - 5*y + j = -506. List the prime factors of o.
3, 5, 13
Let d(z) = z**3 + 84*z**2 - 218*z - 63. What are the prime factors of d(-85)?
2, 7, 11, 73
Let a(m) be the third derivative of m**5/30 - 5*m**4/8 + 4*m**3 - 2*m**2 - m. What are the prime factors of a(11)?
101
Suppose -x + 2*w = 426, 60*x - 59*x + w = -435. What are the prime factors of (x/2)/(6 + (-490)/80)?
2, 3
Suppose 0 = -5*d - 4*a - 0*a - 5516, -4*d + 5*a - 4380 = 0. Let q = -6 - 6. List the prime factors of d/q - 2/3.
7, 13
Let p(x) = 2*x + 15. Let h = -59 - -61. Let c be ((-3 - -1)*-6)/h. What are the prime factors of p(c)?
3
Let f(l) = -l**3 - 7*l**2 - 16*l + 39. Let s(n) = -n**3 - 5*n**2 - 16*n + 38. Let o(m) = 4*f(m) - 3*s(m). List the prime factors of o(-13).
2, 5
Suppose -3*s - 4310 = 3*k - 16703, 0 = -3*s + 4*k + 12428. List the prime factors of s.
2, 11, 47
Let v(f) = 59*f - 3. Let j be v(6). Suppose y - 99 = -j. Let u = -130 - y. What are the prime factors of u?
2, 61
What are the prime factors of (23455/15)/((-2 + (-585)/(-297))*-1)?
11, 4691
Let j(k) = 4*k - 28. Let h be j(-14). Let t = h - -161. List the prime factors of t.
7, 11
Suppose 5332 = 6*y + 1396. Let i = -521 + y. What are the prime factors of i?
3, 5
Let w(u) = -44*u + 180. Let n be w(6). What are the prime factors of (36/(-14))/(12/n)?
2, 3
Suppose -2*q = -33*q + 558. List the prime factors of 84/q*((-498)/(-4) + 0).
7, 83
What are the prime factors of 6885/(-54)*(-3)/(27/654)?
5, 17, 109
Let x be (-8)/(-12) + 8/6. Let k = -128 - -128. Suppose 5*y - x*h - 834 = k, y + 2*y - h = 501. What are the prime factors of y?
2, 3, 7
What are the prime factors of 126945/26 - 21 - 1/2?
4861
Let v = -138 + 512. Suppose -2*f - 4*p = -724, -19*f + 5*p - v = -20*f. List the prime factors of f.
2, 3, 59
Suppose 65*f = 73*f - 64. Suppose 10*j - f*j = 244. What are the prime factors of j?
2, 61
List the prime factors of (-19*(-2)/2)/(4/11812) - -6.
56113
Suppose -154617 = -111*j - 35403. What are the prime factors of j?
2, 3, 179
Suppose -449 = 13*a + 58. Let z(g) = -g**2 - 37*g + 80. What are the prime factors of z(a)?
2
Let s(v) be the second derivative of -v**5/20 + 2*v**4/3 + v**3/3 - 3*v**2 + 10571*v. Suppose 12 + 3 = 3*b. List the prime factors of s(b).
79
Let d = -7518 - -20450. List the prime factors of d.
2, 53, 61
L